{"id":1323,"date":"2018-05-20T11:05:14","date_gmt":"2018-05-20T14:05:14","guid":{"rendered":"https:\/\/campuscastanhal.ufpa.br\/?page_id=1323"},"modified":"2023-05-11T11:29:41","modified_gmt":"2023-05-11T14:29:41","slug":"coordenadoria-de-planejamento-gestao-e-avaliacao-cpga","status":"publish","type":"page","link":"https:\/\/campuscastanhal.ufpa.br\/?page_id=1323","title":{"rendered":"Coordenadoria de Planejamento, Gest\u00e3o e Avalia\u00e7\u00e3o &#8211; CPGA"},"content":{"rendered":"<p><strong>Equipe:<\/strong><\/p>\n<p>Camila Broer Dieguez &#8211; Coordenadora<br \/>\nCarla Almeida Neves Valeriano &#8211; Contadora<br \/>\nDannywellyson Cruz Silva &#8211; Pregoeiro<br \/>\n&#8211; Bolsista<\/p>\n<p><strong>E-mail:<\/strong>\u00a0cpgaufpa00@gmail.com<\/p>\n<p><strong>Telefone:<\/strong> (91) 3311-4605<\/p>\n","protected":false},"excerpt":{"rendered":"<p>Equipe: Camila Broer Dieguez &#8211; Coordenadora Carla Almeida Neves Valeriano &#8211; Contadora Dannywellyson Cruz Silva &#8211; Pregoeiro &#8211; Bolsista E-mail:\u00a0cpgaufpa00@gmail.com Telefone: (91) 3311-4605<\/p>\n","protected":false},"author":2,"featured_media":0,"parent":0,"menu_order":0,"comment_status":"closed","ping_status":"closed","template":"","meta":{"_exactmetrics_skip_tracking":false,"_exactmetrics_sitenote_active":false,"_exactmetrics_sitenote_note":"","_exactmetrics_sitenote_category":0},"_links":{"self":[{"href":"https:\/\/campuscastanhal.ufpa.br\/index.php?rest_route=\/wp\/v2\/pages\/1323"}],"collection":[{"href":"https:\/\/campuscastanhal.ufpa.br\/index.php?rest_route=\/wp\/v2\/pages"}],"about":[{"href":"https:\/\/campuscastanhal.ufpa.br\/index.php?rest_route=\/wp\/v2\/types\/page"}],"author":[{"embeddable":true,"href":"https:\/\/campuscastanhal.ufpa.br\/index.php?rest_route=\/wp\/v2\/users\/2"}],"replies":[{"embeddable":true,"href":"https:\/\/campuscastanhal.ufpa.br\/index.php?rest_route=%2Fwp%2Fv2%2Fcomments&post=1323"}],"version-history":[{"count":7,"href":"https:\/\/campuscastanhal.ufpa.br\/index.php?rest_route=\/wp\/v2\/pages\/1323\/revisions"}],"predecessor-version":[{"id":5920,"href":"https:\/\/campuscastanhal.ufpa.br\/index.php?rest_route=\/wp\/v2\/pages\/1323\/revisions\/5920"}],"wp:attachment":[{"href":"https:\/\/campuscastanhal.ufpa.br\/index.php?rest_route=%2Fwp%2Fv2%2Fmedia&parent=1323"}],"curies":[{"name":"wp","href":"https:\/\/api.w.org\/{rel}","templated":true}]}}