{"id":1468,"date":"2018-06-28T09:49:50","date_gmt":"2018-06-28T12:49:50","guid":{"rendered":"https:\/\/campuscastanhal.ufpa.br\/?page_id=1468"},"modified":"2018-06-28T11:57:35","modified_gmt":"2018-06-28T14:57:35","slug":"contatos","status":"publish","type":"page","link":"https:\/\/campuscastanhal.ufpa.br\/?page_id=1468","title":{"rendered":"Contatos"},"content":{"rendered":"<p><strong>Observa\u00e7\u00e3o: <\/strong>Liga\u00e7\u00f5es do Campus da UFPA (Guam\u00e1 &#8211; Bel\u00e9m) para o Campus de Castanhal podem ser feitas discando-se apenas o ramal (em negrito).<\/p>\n\n<table id=\"tablepress-12\" class=\"tablepress tablepress-id-12\">\n<thead>\n<tr class=\"row-1 odd\">\n\t<th class=\"column-1\">Setor<\/th><th class=\"column-2\">Ramal<\/th>\n<\/tr>\n<\/thead>\n<tbody class=\"row-hover\">\n<tr class=\"row-2 even\">\n\t<td class=\"column-1\">COORDENA\u00c7\u00c3O GERAL<\/td><td class=\"column-2\">3311-<b>4606<\/b><\/td>\n<\/tr>\n<tr class=\"row-3 odd\">\n\t<td class=\"column-1\">SECRETARIA DA COORDENA\u00c7\u00c3O GERAL<\/td><td class=\"column-2\">3311-<b>4602<\/b><\/td>\n<\/tr>\n<tr class=\"row-4 even\">\n\t<td class=\"column-1\">SECRET\u00c1RIA EXECUTIVA I<\/td><td class=\"column-2\">3311-<b>4601<\/b><\/td>\n<\/tr>\n<tr class=\"row-5 odd\">\n\t<td class=\"column-1\">SECRETARIA EXECUTIVA II<\/td><td class=\"column-2\">3311-<b>4603<\/b><\/td>\n<\/tr>\n<tr class=\"row-6 even\">\n\t<td class=\"column-1\">ASSESSORIA DE ALIMENTA\u00c7\u00c3O<\/td><td class=\"column-2\">3311-<b>4600<\/b><\/td>\n<\/tr>\n<tr class=\"row-7 odd\">\n\t<td class=\"column-1\">VICE-COORDENA\u00c7\u00c3O<\/td><td class=\"column-2\">3311-<b>4607<\/b><\/td>\n<\/tr>\n<tr class=\"row-8 even\">\n\t<td class=\"column-1\">SALA - CPGA<\/td><td class=\"column-2\">3311-<b>4604<\/b><\/td>\n<\/tr>\n<tr class=\"row-9 odd\">\n\t<td class=\"column-1\">COORDENA\u00c7\u00c3O CPGA<\/td><td class=\"column-2\">3311-<b>4605<\/b><\/td>\n<\/tr>\n<tr class=\"row-10 even\">\n\t<td class=\"column-1\">COORDENADORIA ACAD\u00caMICA<\/td><td class=\"column-2\">3311-<b>4608<\/b><\/td>\n<\/tr>\n<tr class=\"row-11 odd\">\n\t<td class=\"column-1\">COORDENA\u00c7\u00c3O DE EXTENS\u00c3O<\/td><td class=\"column-2\">3311-<b>4626<\/b><\/td>\n<\/tr>\n<tr class=\"row-12 even\">\n\t<td class=\"column-1\">COORDENADORIA DE EXTENS\u00c3O - SALA<\/td><td class=\"column-2\">3311-<b>4627<\/b><\/td>\n<\/tr>\n<tr class=\"row-13 odd\">\n\t<td class=\"column-1\">ASSESSORIA DE COMUNICA\u00c7\u00c3O<\/td><td class=\"column-2\">3311-<b>4647<\/b><\/td>\n<\/tr>\n<tr class=\"row-14 even\">\n\t<td class=\"column-1\">COORDENA\u00c7\u00c3O DE INFRAESTRUTURA<\/td><td class=\"column-2\">3311-<b>4649<\/b><\/td>\n<\/tr>\n<tr class=\"row-15 odd\">\n\t<td class=\"column-1\">SECRETARIA DA INFRAESTRUTURA<\/td><td class=\"column-2\">3311-<b>4643<\/b><\/td>\n<\/tr>\n<tr class=\"row-16 even\">\n\t<td class=\"column-1\">ALMOXARIFADO<\/td><td class=\"column-2\">3311-<b>4609<\/b><\/td>\n<\/tr>\n<tr class=\"row-17 odd\">\n\t<td class=\"column-1\">DIVIS\u00c3O DE MANUTEN\u00c7\u00c3O<\/td><td class=\"column-2\">3311-<b>4610<\/b><\/td>\n<\/tr>\n<tr class=\"row-18 even\">\n\t<td class=\"column-1\">BIBLIOTECA<\/td><td class=\"column-2\">3311-<b>4633<\/b><\/td>\n<\/tr>\n<tr class=\"row-19 odd\">\n\t<td class=\"column-1\">ACESSO \u00c0 INFORMA\u00c7\u00c3O - T.I.<\/td><td class=\"column-2\">3311-<b>4648<\/b><\/td>\n<\/tr>\n<tr class=\"row-20 even\">\n\t<td class=\"column-1\">GETI<\/td><td class=\"column-2\">3311-<b>4638<\/b><\/td>\n<\/tr>\n<tr class=\"row-21 odd\">\n\t<td class=\"column-1\">SECRETARIA DO PARFOR<\/td><td class=\"column-2\">3311-<b>4612<\/b><\/td>\n<\/tr>\n<tr class=\"row-22 even\">\n\t<td class=\"column-1\">PROTOCOLO<\/td><td class=\"column-2\">3311-<b>4635<\/b><\/td>\n<\/tr>\n<tr class=\"row-23 odd\">\n\t<td class=\"column-1\">DIRE\u00c7\u00c3O - FACULDADE DE COMPUTA\u00c7\u00c3O<\/td><td class=\"column-2\">3311-<b>4620<\/b><\/td>\n<\/tr>\n<tr class=\"row-24 even\">\n\t<td class=\"column-1\">VICE-DIRE\u00c7\u00c3O - FACULDADE DE COMPUTA\u00c7\u00c3O<\/td><td class=\"column-2\">3311-<b>4619<\/b><\/td>\n<\/tr>\n<tr class=\"row-25 odd\">\n\t<td class=\"column-1\">SECRETARIA GERAL DAS FACULDADES<\/td><td class=\"column-2\">3311-<b>4614<\/b><\/td>\n<\/tr>\n<tr class=\"row-26 even\">\n\t<td class=\"column-1\">DIRE\u00c7\u00c3O - FACULDADE DE EDUCA\u00c7\u00c3O F\u00cdSICA<\/td><td class=\"column-2\">3311-<b>4618<\/b><\/td>\n<\/tr>\n<tr class=\"row-27 odd\">\n\t<td class=\"column-1\">VICE-DIRE\u00c7\u00c3O - FACULDADE DE EDUCA\u00c7\u00c3O F\u00cdSICA<\/td><td class=\"column-2\">3311-<b>4617<\/b><\/td>\n<\/tr>\n<tr class=\"row-28 even\">\n\t<td class=\"column-1\">SECRETARIA - FACULDADE DE EDUCA\u00c7\u00c3O F\u00cdSICA<\/td><td class=\"column-2\">3311-<b>4611<\/b><\/td>\n<\/tr>\n<tr class=\"row-29 odd\">\n\t<td class=\"column-1\">DIRE\u00c7\u00c3O - FACULDADE DE LETRAS<\/td><td class=\"column-2\">3311-<b>4621<\/b><\/td>\n<\/tr>\n<tr class=\"row-30 even\">\n\t<td class=\"column-1\">SECRETARIA - FACULDADE DE LETRAS<\/td><td class=\"column-2\">3311-<b>4616<\/b><\/td>\n<\/tr>\n<tr class=\"row-31 odd\">\n\t<td class=\"column-1\">DIRE\u00c7\u00c3O - FACULDADE DE MATEM\u00c1TICA<\/td><td class=\"column-2\">3311-<b>4623<\/b><\/td>\n<\/tr>\n<tr class=\"row-32 even\">\n\t<td class=\"column-1\">VICE-DIRE\u00c7\u00c3O - FACULDADE DE MATEM\u00c1TICA<\/td><td class=\"column-2\">3311-<b>4624<\/b><\/td>\n<\/tr>\n<tr class=\"row-33 odd\">\n\t<td class=\"column-1\">SECRETARIA - FACULDADE DE MATEM\u00c1TICA<\/td><td class=\"column-2\">3311-<b>4615<\/b><\/td>\n<\/tr>\n<tr class=\"row-34 even\">\n\t<td class=\"column-1\">DIRE\u00c7\u00c3O - FACULDADE DE PEDAGOGIA<\/td><td class=\"column-2\">3311-<b>4622<\/b><\/td>\n<\/tr>\n<tr class=\"row-35 odd\">\n\t<td class=\"column-1\">VICE-DIRE\u00c7\u00c3O - FACULDADE DE PEDAGOGIA<\/td><td class=\"column-2\">3311-<b>4625<\/b><\/td>\n<\/tr>\n<tr class=\"row-36 even\">\n\t<td class=\"column-1\">SECRETARIA - FACULDADE DE PEDAGOGIA<\/td><td class=\"column-2\">3311-<b>4613<\/b><\/td>\n<\/tr>\n<tr class=\"row-37 odd\">\n\t<td class=\"column-1\">PPGSAAM<\/td><td class=\"column-2\">3311-<b>4705<\/b><\/td>\n<\/tr>\n<tr class=\"row-38 even\">\n\t<td class=\"column-1\">PPGCAN<\/td><td class=\"column-2\">3311-<b>4702<\/b><\/td>\n<\/tr>\n<tr class=\"row-39 odd\">\n\t<td class=\"column-1\">FACULDADE DE MEDICINA VETERIN\u00c1RIA<\/td><td class=\"column-2\">3311-<b>4703<\/b><\/td>\n<\/tr>\n<tr class=\"row-40 even\">\n\t<td class=\"column-1\">IMEV - SECRETARIA EXECUTIVA<\/td><td class=\"column-2\">3311-<b>4736<\/b><\/td>\n<\/tr>\n<tr class=\"row-41 odd\">\n\t<td class=\"column-1\">CEBRAN<\/td><td class=\"column-2\">3721-<b>1545<\/b><\/td>\n<\/tr>\n<tr class=\"row-42 even\">\n\t<td class=\"column-1\">DIRETORIA - CEBRAN<\/td><td class=\"column-2\">3721-<b>1644<\/b><\/td>\n<\/tr>\n<tr class=\"row-43 odd\">\n\t<td class=\"column-1\">CL\u00cdNICA DE GRANDES ANIMAIS<\/td><td class=\"column-2\">3311-<b>4715<\/b><\/td>\n<\/tr>\n<tr class=\"row-44 even\">\n\t<td class=\"column-1\">CL\u00cdNICA DE PEQUENOS ANIMAIS<\/td><td class=\"column-2\">3711-<b>4707<\/b><\/td>\n<\/tr>\n<\/tbody>\n<\/table>\n<!-- #tablepress-12 from cache -->\n","protected":false},"excerpt":{"rendered":"<p>Observa\u00e7\u00e3o: Liga\u00e7\u00f5es do Campus da UFPA (Guam\u00e1 &#8211; Bel\u00e9m) para o Campus de Castanhal podem ser feitas discando-se apenas o ramal (em negrito).<\/p>\n","protected":false},"author":2,"featured_media":0,"parent":0,"menu_order":0,"comment_status":"closed","ping_status":"closed","template":"","meta":{"_exactmetrics_skip_tracking":false,"_exactmetrics_sitenote_active":false,"_exactmetrics_sitenote_note":"","_exactmetrics_sitenote_category":0},"_links":{"self":[{"href":"https:\/\/campuscastanhal.ufpa.br\/index.php?rest_route=\/wp\/v2\/pages\/1468"}],"collection":[{"href":"https:\/\/campuscastanhal.ufpa.br\/index.php?rest_route=\/wp\/v2\/pages"}],"about":[{"href":"https:\/\/campuscastanhal.ufpa.br\/index.php?rest_route=\/wp\/v2\/types\/page"}],"author":[{"embeddable":true,"href":"https:\/\/campuscastanhal.ufpa.br\/index.php?rest_route=\/wp\/v2\/users\/2"}],"replies":[{"embeddable":true,"href":"https:\/\/campuscastanhal.ufpa.br\/index.php?rest_route=%2Fwp%2Fv2%2Fcomments&post=1468"}],"version-history":[{"count":3,"href":"https:\/\/campuscastanhal.ufpa.br\/index.php?rest_route=\/wp\/v2\/pages\/1468\/revisions"}],"predecessor-version":[{"id":1478,"href":"https:\/\/campuscastanhal.ufpa.br\/index.php?rest_route=\/wp\/v2\/pages\/1468\/revisions\/1478"}],"wp:attachment":[{"href":"https:\/\/campuscastanhal.ufpa.br\/index.php?rest_route=%2Fwp%2Fv2%2Fmedia&parent=1468"}],"curies":[{"name":"wp","href":"https:\/\/api.w.org\/{rel}","templated":true}]}}