{"id":1565,"date":"2018-09-10T12:00:24","date_gmt":"2018-09-10T15:00:24","guid":{"rendered":"https:\/\/campuscastanhal.ufpa.br\/?page_id=1565"},"modified":"2025-01-14T13:18:22","modified_gmt":"2025-01-14T16:18:22","slug":"bibliotecas-digitais","status":"publish","type":"page","link":"https:\/\/campuscastanhal.ufpa.br\/?page_id=1565","title":{"rendered":"Fontes de Pesquisa Cient\u00edfica"},"content":{"rendered":"<p><a href=\"https:\/\/bdm.ufpa.br\/\" target=\"_blank\" rel=\"noopener\"><strong><u>Biblioteca Digital de Monografias (BDM)<\/u><\/strong><\/a><\/p>\n<p>Trabalhos de conclus\u00e3o de curso (TCC\u2019s) e monografias de especializa\u00e7\u00e3o de autores vinculados \u00e0 UFPA.<\/p>\n<p><img decoding=\"async\" loading=\"lazy\" class=\"alignnone\" src=\"https:\/\/bdm.ufpa.br:8443\/jspui\/image\/logo.png\" alt=\"\" width=\"256\" height=\"161\" \/><\/p>\n<hr \/>\n<p><a href=\"http:\/\/repositorio.ufpa.br\/jspui\/\" target=\"_blank\" rel=\"noopener\"><strong><u>Reposit\u00f3rio Institucional da UFPA (RIUFPA)<\/u><\/strong><\/a><\/p>\n<p>Teses, disserta\u00e7\u00f5es e artigos cient\u00edficos de autores vinculados \u00e0 UFPA.<\/p>\n<p><img decoding=\"async\" loading=\"lazy\" class=\"wp-image-1566 alignnone\" src=\"https:\/\/campuscastanhal.ufpa.br\/wp-content\/uploads\/2018\/setembro\/1.png\" alt=\"\" width=\"420\" height=\"146\" \/><\/p>\n<hr \/>\n<p><a href=\"http:\/\/livroaberto.ufpa.br\/\" target=\"_blank\" rel=\"noopener\"><strong><u>Livro Aberto<\/u><\/strong>\u00a0<\/a><\/p>\n<p>Livros e cap\u00edtulos de livros de autores vinculados \u00e0 UFPA<\/p>\n<p><img decoding=\"async\" loading=\"lazy\" class=\"wp-image-1567 alignnone\" style=\"margin-left: 50px;\" src=\"https:\/\/campuscastanhal.ufpa.br\/wp-content\/uploads\/2018\/setembro\/2.png\" alt=\"\" width=\"401\" height=\"146\" \/><\/p>\n<hr \/>\n<p><a href=\"http:\/\/ripat.ufpa.br:8080\/jspui\/\" target=\"_blank\" rel=\"noopener\"><strong><u>Reposit\u00f3rio Institucional de Patentes da UFPA<\/u><\/strong><strong><u>\u00a0<\/u><\/strong><\/a><\/p>\n<p>Acesso \u00e0s publica\u00e7\u00f5es de propriedade intelectual no \u00e2mbito da Universidade Federal do Par\u00e1, por meio das patentes concedidas.<\/p>\n<p><img decoding=\"async\" loading=\"lazy\" class=\"alignnone size-full wp-image-5644\" src=\"https:\/\/campuscastanhal.ufpa.br\/wp-content\/uploads\/2023\/imagens\/Ripat.PNG\" alt=\"\" width=\"394\" height=\"104\" \/><\/p>\n<hr \/>\n<p><a href=\"https:\/\/www.periodicos.ufpa.br\/\" target=\"_blank\" rel=\"noopener\"><strong><u>Peri\u00f3dicos da UFPA<\/u><\/strong>\u00a0<\/a><\/p>\n<p>Revistas cient\u00edficas da UFPA.<\/p>\n<p><img decoding=\"async\" loading=\"lazy\" class=\"alignnone size-full wp-image-5643\" src=\"https:\/\/campuscastanhal.ufpa.br\/wp-content\/uploads\/2023\/imagens\/Periodicos.PNG\" alt=\"\" width=\"266\" height=\"73\" \/><\/p>\n<hr \/>\n<p><a href=\"https:\/\/www-periodicos-capes-gov-br.ez3.periodicos.capes.gov.br\/\" target=\"_blank\" rel=\"noopener\"><strong><u>Portal de Peri\u00f3dicos da Capes<\/u><\/strong><\/a><\/p>\n<p style=\"text-align: justify;\">Trabalhos acad\u00eamicos, artigos cient\u00edficos, livros, obras de refer\u00eancia, trabalhos apresentados em eventos, estat\u00edsticas, patentes, bases de dados como a IEEE, Scopus e a Web of Science, que contemplam a literatura nacional e estrangeira.<\/p>\n<p><a href=\"https:\/\/drive.google.com\/file\/d\/1U9WSNCfXKfsUtuIDfCks78n4AiNroma1\/view?usp=sharing\" target=\"_blank\" rel=\"noopener\"><strong><u>Tutorial<\/u><\/strong><\/a> \u00a0de como acessar, remotamente, o conte\u00fado assinado do Portal.<\/p>\n<p><img decoding=\"async\" loading=\"lazy\" class=\"alignleft \" src=\"https:\/\/www-periodicos-capes-gov-br.ezl.periodicos.capes.gov.br\/images\/stories\/periodicos-20anos.jpeg\" width=\"407\" height=\"81\" \/><\/p>\n<hr \/>\n<p><a href=\"http:\/\/oasisbr.ibict.br\/vufind\/\" target=\"_blank\" rel=\"noopener\"><strong><u>Oasisbr<\/u><\/strong>\u00a0<\/a><\/p>\n<p>Acesso gratuito \u00e0 produ\u00e7\u00e3o cient\u00edfica de universidades e institutos de pesquisa brasileiros, mas tamb\u00e9m a fontes de informa\u00e7\u00e3o portuguesas.<\/p>\n<p><img decoding=\"async\" loading=\"lazy\" class=\"alignnone wp-image-5646\" src=\"https:\/\/campuscastanhal.ufpa.br\/wp-content\/uploads\/2023\/imagens\/oasisbr.PNG\" alt=\"\" width=\"418\" height=\"130\" \/><\/p>\n<hr \/>\n<p><a href=\"https:\/\/bdtd.ibict.br\/vufind\/\" target=\"_blank\" rel=\"noopener\"><strong><span style=\"text-decoration: underline;\">Biblioteca Digital Brasileira de Teses e Disserta\u00e7\u00f5es (BDTD)<\/span><\/strong><\/a><\/p>\n<p style=\"text-align: justify;\">Integra os sistemas de informa\u00e7\u00e3o de teses e disserta\u00e7\u00f5es existentes nas institui\u00e7\u00f5es de ensino e pesquisa do Brasil, com acesso gratuito e completo.<\/p>\n<hr \/>\n<p><span style=\"text-decoration: underline;\"><a href=\"https:\/\/ndltd.org\/\" target=\"_blank\" rel=\"noopener\"><strong>Networked Digital Library of Theses and Dissertations (NDLTD)<\/strong><\/a><\/span><\/p>\n<p style=\"text-align: justify;\">Organiza\u00e7\u00e3o internacional dedicada a promover a ado\u00e7\u00e3o, cria\u00e7\u00e3o, uso, dissemina\u00e7\u00e3o e preserva\u00e7\u00e3o de teses e disserta\u00e7\u00f5es eletr\u00f4nicas, atuando em \u00e2mbito mundial.<\/p>\n<hr \/>\n<h2><strong>Outras fontes multidisciplinares de conte\u00fado variado:<\/strong><\/h2>\n<p><a href=\"https:\/\/scholar.google.com.br\/?hl=pt\" target=\"_blank\" rel=\"noopener\"><strong><u>Google Acad\u00eamico<\/u><\/strong><\/a><\/p>\n<p><a href=\"https:\/\/www.scielo.org\/\" target=\"_blank\" rel=\"noopener\"><strong><u>Scielo<\/u><\/strong><\/a><\/p>\n<p><a href=\"http:\/\/books.scielo.org\/\" target=\"_blank\" rel=\"noopener\"><strong><u>Scielo Livros<\/u><\/strong><\/a><\/p>\n<p><a href=\"http:\/\/www.lareferencia.info\/pt\/\" target=\"_blank\" rel=\"noopener\"><strong><u>La Referencia<\/u><\/strong><\/a><\/p>\n<p><a href=\"http:\/\/www.dominiopublico.gov.br\/pesquisa\/PesquisaObraForm.jsp\" target=\"_blank\" rel=\"noopener\"><strong><u>Dom\u00ednio P\u00fablico<\/u><\/strong><\/a><\/p>\n<h2><strong>Legisla\u00e7\u00e3o<\/strong><\/h2>\n<p><a href=\"https:\/\/www.lexml.gov.br\/\" target=\"_blank\" rel=\"noopener\"><strong><u>Portal LexMl<\/u><\/strong><\/a><\/p>\n<p><a href=\"https:\/\/www12.senado.leg.br\/institucional\/biblioteca\" target=\"_blank\" rel=\"noopener\"><strong><u>Biblioteca do Senado<\/u><\/strong><\/a><\/p>\n<h2><strong>Documentos hist\u00f3ricos<\/strong><\/h2>\n<p><a href=\"https:\/\/www.bbm.usp.br\/pt-br\/\" target=\"_blank\" rel=\"noopener\"><strong><u>Brasiliana<\/u><\/strong><\/a><\/p>\n<h2><strong>Fotografias<\/strong><\/h2>\n<p><a href=\"https:\/\/brasilianafotografica.bn.gov.br\/\" target=\"_blank\" rel=\"noopener\"><strong><u>Brasiliana Fotogr\u00e1fica<\/u><\/strong><\/a><\/p>\n","protected":false},"excerpt":{"rendered":"<p>Biblioteca Digital de Monografias (BDM) Trabalhos de conclus\u00e3o de curso (TCC\u2019s) e monografias de especializa\u00e7\u00e3o de autores vinculados \u00e0 UFPA. Reposit\u00f3rio Institucional da UFPA (RIUFPA) Teses, disserta\u00e7\u00f5es e artigos cient\u00edficos de autores vinculados \u00e0 UFPA. Livro Aberto\u00a0 Livros e cap\u00edtulos de livros de autores vinculados \u00e0 UFPA Reposit\u00f3rio Institucional de Patentes da UFPA\u00a0 Acesso \u00e0s &hellip; <a href=\"https:\/\/campuscastanhal.ufpa.br\/?page_id=1565\">Continue reading <span class=\"meta-nav\">&rarr;<\/span><\/a><\/p>\n","protected":false},"author":2,"featured_media":0,"parent":0,"menu_order":0,"comment_status":"closed","ping_status":"closed","template":"","meta":{"_exactmetrics_skip_tracking":false,"_exactmetrics_sitenote_active":false,"_exactmetrics_sitenote_note":"","_exactmetrics_sitenote_category":0},"_links":{"self":[{"href":"https:\/\/campuscastanhal.ufpa.br\/index.php?rest_route=\/wp\/v2\/pages\/1565"}],"collection":[{"href":"https:\/\/campuscastanhal.ufpa.br\/index.php?rest_route=\/wp\/v2\/pages"}],"about":[{"href":"https:\/\/campuscastanhal.ufpa.br\/index.php?rest_route=\/wp\/v2\/types\/page"}],"author":[{"embeddable":true,"href":"https:\/\/campuscastanhal.ufpa.br\/index.php?rest_route=\/wp\/v2\/users\/2"}],"replies":[{"embeddable":true,"href":"https:\/\/campuscastanhal.ufpa.br\/index.php?rest_route=%2Fwp%2Fv2%2Fcomments&post=1565"}],"version-history":[{"count":28,"href":"https:\/\/campuscastanhal.ufpa.br\/index.php?rest_route=\/wp\/v2\/pages\/1565\/revisions"}],"predecessor-version":[{"id":7097,"href":"https:\/\/campuscastanhal.ufpa.br\/index.php?rest_route=\/wp\/v2\/pages\/1565\/revisions\/7097"}],"wp:attachment":[{"href":"https:\/\/campuscastanhal.ufpa.br\/index.php?rest_route=%2Fwp%2Fv2%2Fmedia&parent=1565"}],"curies":[{"name":"wp","href":"https:\/\/api.w.org\/{rel}","templated":true}]}}