{"id":492,"date":"2017-09-01T20:24:59","date_gmt":"2017-09-01T23:24:59","guid":{"rendered":"http:\/\/monitoriacastanhal.ufpa.br\/?page_id=492"},"modified":"2022-01-24T14:38:49","modified_gmt":"2022-01-24T17:38:49","slug":"ficha-catalografica","status":"publish","type":"page","link":"https:\/\/campuscastanhal.ufpa.br\/?page_id=492","title":{"rendered":"Ficha Catalogr\u00e1fica"},"content":{"rendered":"<p style=\"text-align: justify;\">Essa ficha re\u00fane informa\u00e7\u00f5es para identifica\u00e7\u00e3o e recupera\u00e7\u00e3o dos documentos, conforme padr\u00f5es internacionais de cataloga\u00e7\u00e3o.\u00a0 Com o novo sistema FICAT 2.0, a pr\u00f3pria comunidade acad\u00eamica pode elaborar a ficha e em tempo real. \u00c9 s\u00f3 preencher o formul\u00e1rio, conforme o modelo e clicar no bot\u00e3o \u201cGerar ficha&#8230;\u201d. E pronto! A ficha \u00e9 gerada, automaticamente, em PDF.<\/p>\n<p>Acesse o sistema <a href=\"http:\/\/bcficat.ufpa.br\/\">FICAT<\/a>.<\/p>\n","protected":false},"excerpt":{"rendered":"<p>Essa ficha re\u00fane informa\u00e7\u00f5es para identifica\u00e7\u00e3o e recupera\u00e7\u00e3o dos documentos, conforme padr\u00f5es internacionais de cataloga\u00e7\u00e3o.\u00a0 Com o novo sistema FICAT 2.0, a pr\u00f3pria comunidade acad\u00eamica pode elaborar a ficha e em tempo real. \u00c9 s\u00f3 preencher o formul\u00e1rio, conforme o modelo e clicar no bot\u00e3o \u201cGerar ficha&#8230;\u201d. E pronto! A ficha \u00e9 gerada, automaticamente, em &hellip; <a href=\"https:\/\/campuscastanhal.ufpa.br\/?page_id=492\">Continue reading <span class=\"meta-nav\">&rarr;<\/span><\/a><\/p>\n","protected":false},"author":2,"featured_media":0,"parent":0,"menu_order":0,"comment_status":"closed","ping_status":"closed","template":"","meta":{"_exactmetrics_skip_tracking":false,"_exactmetrics_sitenote_active":false,"_exactmetrics_sitenote_note":"","_exactmetrics_sitenote_category":0},"_links":{"self":[{"href":"https:\/\/campuscastanhal.ufpa.br\/index.php?rest_route=\/wp\/v2\/pages\/492"}],"collection":[{"href":"https:\/\/campuscastanhal.ufpa.br\/index.php?rest_route=\/wp\/v2\/pages"}],"about":[{"href":"https:\/\/campuscastanhal.ufpa.br\/index.php?rest_route=\/wp\/v2\/types\/page"}],"author":[{"embeddable":true,"href":"https:\/\/campuscastanhal.ufpa.br\/index.php?rest_route=\/wp\/v2\/users\/2"}],"replies":[{"embeddable":true,"href":"https:\/\/campuscastanhal.ufpa.br\/index.php?rest_route=%2Fwp%2Fv2%2Fcomments&post=492"}],"version-history":[{"count":4,"href":"https:\/\/campuscastanhal.ufpa.br\/index.php?rest_route=\/wp\/v2\/pages\/492\/revisions"}],"predecessor-version":[{"id":4695,"href":"https:\/\/campuscastanhal.ufpa.br\/index.php?rest_route=\/wp\/v2\/pages\/492\/revisions\/4695"}],"wp:attachment":[{"href":"https:\/\/campuscastanhal.ufpa.br\/index.php?rest_route=%2Fwp%2Fv2%2Fmedia&parent=492"}],"curies":[{"name":"wp","href":"https:\/\/api.w.org\/{rel}","templated":true}]}}