{"id":731,"date":"2017-11-14T14:26:33","date_gmt":"2017-11-14T16:26:33","guid":{"rendered":"http:\/\/campuscastanhal.ufpa.br\/?page_id=731"},"modified":"2024-12-03T14:58:48","modified_gmt":"2024-12-03T17:58:48","slug":"pos-graduacao-medicina-veterinaria","status":"publish","type":"page","link":"https:\/\/campuscastanhal.ufpa.br\/?page_id=731","title":{"rendered":"P\u00f3s-Gradua\u00e7\u00e3o Medicina Veterin\u00e1ria"},"content":{"rendered":"<p><a style=\"font-size: revert;\" href=\"https:\/\/www.ppgsaam.propesp.ufpa.br\/index.php\/br\/\" target=\"_blank\" rel=\"noopener\"><strong>Programa de P\u00f3s-Gradua\u00e7\u00e3o em Sa\u00fade Animal na Amaz\u00f4nia<\/strong><\/a><\/p>\n<div class=\"A\">\n<p><a href=\"https:\/\/ppgcan.propesp.ufpa.br\/index.php\/br\/\" target=\"_blank\" rel=\"noopener\"><strong>Programa de P\u00f3s-Gradua\u00e7\u00e3o em Ci\u00eancia Animal<\/strong><\/a><\/p>\n<\/div>\n<div><strong><a href=\"https:\/\/www.imv.ufpa.br\/programa-de-pos-graduacao-em-reproducao-animal-na-amazonia\" target=\"_blank\" rel=\"noopener\">Programa de P\u00f3s-Gradua\u00e7\u00e3o em Reprodu\u00e7\u00e3o Animal na Amaz\u00f4nia<\/a><\/strong><\/div>\n<div><\/div>\n<div class=\"C\"><\/div>\n<div><a href=\"https:\/\/www.imv.ufpa.br\/residencia-med-2\" target=\"_blank\" rel=\"noopener\"><strong>Programa de P\u00f3s-Gradua\u00e7\u00e3o em Resid\u00eancia em Cl\u00ednica M\u00e9dica e Reprodu\u00e7\u00e3o de Ruminantes e Equ\u00eddeos<\/strong><\/a><\/div>\n<div><\/div>\n<div><\/div>\n<div><a href=\"https:\/\/www.imv.ufpa.br\/residencia-med-3\" target=\"_blank\" rel=\"noopener\"><strong>Programa de Resid\u00eancia em Cl\u00ednica M\u00e9dica e Cir\u00fargica de Animais Silvestres<\/strong><\/a><\/div>\n<div><\/div>\n<div><\/div>\n<div><a href=\"https:\/\/www.imv.ufpa.br\/residencia-medica-4\" target=\"_blank\" rel=\"noopener\"><strong>Programa de Resid\u00eancia em Patologia Animal<\/strong><\/a><\/div>\n<div><\/div>\n<div><\/div>\n<div><a href=\"https:\/\/www.imv.ufpa.br\/residencia-med-5\" target=\"_blank\" rel=\"noopener\"><strong>Programa de Resid\u00eancia em Cl\u00ednica M\u00e9dica e Cir\u00fargica de Pequenos Animais<\/strong><\/a><\/div>\n<div class=\"C\" style=\"text-align: justify;\"><\/div>\n","protected":false},"excerpt":{"rendered":"<p>Programa de P\u00f3s-Gradua\u00e7\u00e3o em Sa\u00fade Animal na Amaz\u00f4nia Programa de P\u00f3s-Gradua\u00e7\u00e3o em Ci\u00eancia Animal Programa de P\u00f3s-Gradua\u00e7\u00e3o em Reprodu\u00e7\u00e3o Animal na Amaz\u00f4nia Programa de P\u00f3s-Gradua\u00e7\u00e3o em Resid\u00eancia em Cl\u00ednica M\u00e9dica e Reprodu\u00e7\u00e3o de Ruminantes e Equ\u00eddeos Programa de Resid\u00eancia em Cl\u00ednica M\u00e9dica e Cir\u00fargica de Animais Silvestres Programa de Resid\u00eancia em Patologia Animal Programa de &hellip; <a href=\"https:\/\/campuscastanhal.ufpa.br\/?page_id=731\">Continue reading <span class=\"meta-nav\">&rarr;<\/span><\/a><\/p>\n","protected":false},"author":2,"featured_media":0,"parent":0,"menu_order":0,"comment_status":"closed","ping_status":"closed","template":"","meta":{"_exactmetrics_skip_tracking":false,"_exactmetrics_sitenote_active":false,"_exactmetrics_sitenote_note":"","_exactmetrics_sitenote_category":0},"_links":{"self":[{"href":"https:\/\/campuscastanhal.ufpa.br\/index.php?rest_route=\/wp\/v2\/pages\/731"}],"collection":[{"href":"https:\/\/campuscastanhal.ufpa.br\/index.php?rest_route=\/wp\/v2\/pages"}],"about":[{"href":"https:\/\/campuscastanhal.ufpa.br\/index.php?rest_route=\/wp\/v2\/types\/page"}],"author":[{"embeddable":true,"href":"https:\/\/campuscastanhal.ufpa.br\/index.php?rest_route=\/wp\/v2\/users\/2"}],"replies":[{"embeddable":true,"href":"https:\/\/campuscastanhal.ufpa.br\/index.php?rest_route=%2Fwp%2Fv2%2Fcomments&post=731"}],"version-history":[{"count":28,"href":"https:\/\/campuscastanhal.ufpa.br\/index.php?rest_route=\/wp\/v2\/pages\/731\/revisions"}],"predecessor-version":[{"id":7045,"href":"https:\/\/campuscastanhal.ufpa.br\/index.php?rest_route=\/wp\/v2\/pages\/731\/revisions\/7045"}],"wp:attachment":[{"href":"https:\/\/campuscastanhal.ufpa.br\/index.php?rest_route=%2Fwp%2Fv2%2Fmedia&parent=731"}],"curies":[{"name":"wp","href":"https:\/\/api.w.org\/{rel}","templated":true}]}}