{"id":863,"date":"2017-12-18T11:41:41","date_gmt":"2017-12-18T13:41:41","guid":{"rendered":"https:\/\/campuscastanhal.ufpa.br\/?page_id=863"},"modified":"2021-10-08T09:55:59","modified_gmt":"2021-10-08T12:55:59","slug":"profmat-mestrado-profissional-em-matematica-em-rede-nacional","status":"publish","type":"page","link":"https:\/\/campuscastanhal.ufpa.br\/?page_id=863","title":{"rendered":"PROFMAT &#8211; Mestrado Profissional em Matem\u00e1tica em Rede Nacional"},"content":{"rendered":"<ul class=\"nav2 nav-tabs nav-justified\" style=\"margin-left: 0px !important;\">\n<li class=\"active\" role=\"presentation\"><a>Apresenta\u00e7\u00e3o do Programa<\/a><\/li>\n<li role=\"presentation\"><a>Coordena\u00e7\u00e3o<\/a><\/li>\n<li role=\"presentation\"><a>Mais Informa\u00e7\u00f5es<\/a><\/li>\n<\/ul>\n<p><!-- AQUI VAI O HIST\u00d3RICO --><\/p>\n<div class=\"A\" style=\"text-align: justify;\">\n<p><strong>Apresenta\u00e7\u00e3o:<\/strong><\/p>\n<p>O PROFMAT &#8211; Mestrado Profissional em Matem\u00e1tica em Rede Nacional \u00e9 um curso semipresencial, com oferta nacional, realizado por uma rede de Institui\u00e7\u00f5es de Ensino Superior, no contexto da Universidade Aberta do Brasil, e coordenado pela Sociedade Brasileira de Matem\u00e1tica.<\/p>\n<p>O PROFMAT visa atender professores de Matem\u00e1tica em exerc\u00edcio no ensino b\u00e1sico, especialmente na escola p\u00fablica, que busquem aprimoramento em sua forma\u00e7\u00e3o profissional, com \u00eanfase no dom\u00ednio aprofundado de conte\u00fado matem\u00e1tico relevante para sua atua\u00e7\u00e3o docente. O Programa opera em ampla escala, com o objetivo de, a m\u00e9dio prazo, ter impacto substantivo na forma\u00e7\u00e3o matem\u00e1tica do professor em todo o territ\u00f3rio nacional.<\/p>\n<p>Os objetivos do PROFMAT s\u00e3o consistentes com a miss\u00e3o estatut\u00e1ria da SBM de &#8220;Estimular a melhoria do ensino de Matem\u00e1tica em todos os n\u00edveis&#8221; e tamb\u00e9m vem ao encontro da LEI N\u00ba 13.005, DE 25 JUNHO DE 2014 (Plano Nacional de Educa\u00e7\u00e3o), que coloca em sua Meta 16: formar, em n\u00edvel de p\u00f3s-gradua\u00e7\u00e3o, 50% (cinquenta por cento) dos professores da educa\u00e7\u00e3o b\u00e1sica, at\u00e9 o \u00faltimo ano de vig\u00eancia deste PNE, e garantir a todos (as) os (as) profissionais da educa\u00e7\u00e3o b\u00e1sica forma\u00e7\u00e3o continuada em sua \u00e1rea de atua\u00e7\u00e3o, considerando as necessidades, demandas e contextualiza\u00e7\u00f5es dos sistemas de ensino.<\/p>\n<p>O PROFMAT foi recomendado pelo Conselho T\u00e9cnico-Cient\u00edfico da Educa\u00e7\u00e3o Superior \u2013 CTC-ES da CAPES, em sua reuni\u00e3o, realizada nos dias 25 a 29 de outubro de 2010. O reconhecimento do PROFMAT pelo CNE (Conselho Nacional de Educa\u00e7\u00e3o) foi concebido atrav\u00e9s da Portaria n\u00b0 1325, publicada no D.O.U. de 22\/9\/2011, Se\u00e7\u00e3o 1, P\u00e1g. 634, e Retificada pela Portaria n\u00b0 1105, publicada no D.O.U. de 4\/9\/2012, Se\u00e7\u00e3o 1, P\u00e1g. 97.<\/p>\n<p>O Programa \u00e9 coordenado pelo Conselho Gestor e pela Comiss\u00e3o Acad\u00eamica Nacional, que operam sob a \u00e9gide do Conselho Diretor da Sociedade Brasileira de Matem\u00e1tica, e \u00e9 executado pelas Comiss\u00f5es Acad\u00eamicas das Institui\u00e7\u00f5es Associadas.<\/p>\n<\/div>\n<p>&nbsp;<\/p>\n<div class=\"B\">\n<p><strong>Coordena\u00e7\u00e3o:<\/strong><\/p>\n<p><strong>Conselho Gestor<\/strong>:<br \/>\nProf. Marcelo Viana (IMPA e SBM) &#8211; Presidente<\/p>\n<p>Prof. Celso Costa (UFF) &#8211; Representante da CAPES<\/p>\n<p>Prof\u00aa. Fl\u00e1via Morgana de Oliveira Jacinto (UFAM) &#8211; Cordenador Acad\u00eamico<\/p>\n<p>Prof. Jacob Palis (IMPA) &#8211; Representante da Comunidade<\/p>\n<p>Prof. Luiz Davidovich (UFRJ) &#8211; Representante da Comunidade<\/p>\n<p><strong>Comiss\u00e3o Acad\u00eamica Nacional<\/strong>:<br \/>\nProf.\u00aa Fl\u00e1via Morgana de Oliveira Jacinto (UFAM) &#8211; Coordenador Acad\u00eamico<\/p>\n<p>Prof. Jo\u00e3o Xavier da Cruz Neto (UFPI) &#8211; Coordenador de Produ\u00e7\u00e3o de Material Did\u00e1tico<\/p>\n<p>Prof. Nivaldo Costa Muniz (UFMA) &#8211; Coordenador de Desenvolvimento de Sistemas e Controles Acad\u00eamicos<\/p>\n<p>Prof. Rog\u00e9rio Ricardo Steffenon (UNISINOS) &#8211; Coordenador de Avalia\u00e7\u00e3o dos Discentes<\/p>\n<p>Prof\u00aa. Claudina Izepe Rodrigues (UNICAMP) &#8211; Coordenadora da Biblioteca Digital<\/p>\n<p>Prof\u00aa. Carmen Vieira Mathias (UFSM) &#8211; Coordenadora de Documenta\u00e7\u00e3o e Relat\u00f3rios<\/p>\n<p>Prof. Luiz Manoel Figueiredo (UFF) &#8211; Coordenador de Inform\u00e1tica<\/p>\n<p>Prof. Eriberto dos Reis Gerolineto (UFTM) &#8211; Coordenador de Comunica\u00e7\u00e3o e Informa\u00e7\u00e3o<\/p>\n<p>Prof. Gladson Antunes (UNIRIO) &#8211; Representante do Corpo Docente<\/p>\n<p>Prof. Victor Giraldo (UFRJ) &#8211; Representante do Corpo Docente<\/p>\n<p>Prof\u00aa. Marcela Luciano Vilela de Souza (UFTM) &#8211; Representante da SBM<\/p>\n<p><strong>Coordenadores Regionais<\/strong>:<br \/>\nRegi\u00e3o Norte: Prof. Hugo Alex Carneiro Diniz (UFOPA)<\/p>\n<p>Regi\u00e3o Nordeste: Prof\u00aa. Silvana Alc\u00e2ntara Costa (UFCA)<\/p>\n<p>Regi\u00e3o Centro-Oeste: Prof. Moiseis dos Santos Cecconello (UFMT)<\/p>\n<p>Regi\u00e3o Sudeste: Prof\u00aa. Marcela Luciano Vilela de Souza (UFTM)<\/p>\n<p>Regi\u00e3o Sul: Prof\u00aa. Carmen Vieira Mathias (UFSM)<\/p>\n<p><strong>Presidente do Conselho Gestor<\/strong>: Prof. Dr. Marcelo Miranda da Silva Viana<\/p>\n<p><strong>Coordenador em Castanhal<\/strong>: Prof. Dr. Edilberto Oliveira Rozal<\/p>\n<p>email:\u00a0edilbe@ufpa.br<\/p>\n<\/div>\n<div class=\"C\">\n<p><strong>Mais Informa\u00e7\u00f5es:<\/strong><\/p>\n<p>Mais informa\u00e7\u00f5es sobre o programa PROFMAT podem ser encontradas <a href=\"http:\/\/profmat.propesp.ufpa.br\/index.php\" target=\"_blank\" rel=\"noopener\">aqui<\/a>.<\/p>\n<\/div>\n","protected":false},"excerpt":{"rendered":"<p>Apresenta\u00e7\u00e3o do Programa Coordena\u00e7\u00e3o Mais Informa\u00e7\u00f5es Apresenta\u00e7\u00e3o: O PROFMAT &#8211; Mestrado Profissional em Matem\u00e1tica em Rede Nacional \u00e9 um curso semipresencial, com oferta nacional, realizado por uma rede de Institui\u00e7\u00f5es de Ensino Superior, no contexto da Universidade Aberta do Brasil, e coordenado pela Sociedade Brasileira de Matem\u00e1tica. O PROFMAT visa atender professores de Matem\u00e1tica em &hellip; <a href=\"https:\/\/campuscastanhal.ufpa.br\/?page_id=863\">Continue reading <span class=\"meta-nav\">&rarr;<\/span><\/a><\/p>\n","protected":false},"author":2,"featured_media":0,"parent":0,"menu_order":0,"comment_status":"closed","ping_status":"closed","template":"","meta":{"_exactmetrics_skip_tracking":false,"_exactmetrics_sitenote_active":false,"_exactmetrics_sitenote_note":"","_exactmetrics_sitenote_category":0},"_links":{"self":[{"href":"https:\/\/campuscastanhal.ufpa.br\/index.php?rest_route=\/wp\/v2\/pages\/863"}],"collection":[{"href":"https:\/\/campuscastanhal.ufpa.br\/index.php?rest_route=\/wp\/v2\/pages"}],"about":[{"href":"https:\/\/campuscastanhal.ufpa.br\/index.php?rest_route=\/wp\/v2\/types\/page"}],"author":[{"embeddable":true,"href":"https:\/\/campuscastanhal.ufpa.br\/index.php?rest_route=\/wp\/v2\/users\/2"}],"replies":[{"embeddable":true,"href":"https:\/\/campuscastanhal.ufpa.br\/index.php?rest_route=%2Fwp%2Fv2%2Fcomments&post=863"}],"version-history":[{"count":7,"href":"https:\/\/campuscastanhal.ufpa.br\/index.php?rest_route=\/wp\/v2\/pages\/863\/revisions"}],"predecessor-version":[{"id":4325,"href":"https:\/\/campuscastanhal.ufpa.br\/index.php?rest_route=\/wp\/v2\/pages\/863\/revisions\/4325"}],"wp:attachment":[{"href":"https:\/\/campuscastanhal.ufpa.br\/index.php?rest_route=%2Fwp%2Fv2%2Fmedia&parent=863"}],"curies":[{"name":"wp","href":"https:\/\/api.w.org\/{rel}","templated":true}]}}